ppose 143 = -3*y - 163. Let p = y - -196. What are the prime factors of p?
2, 47
Suppose -20 = 7*w + 13*w. Let c(l) = -213*l**3 - 2*l**2 + 2*l + 3. What are the prime factors of c(w)?
2, 53
Suppose 3*m - 5*h = -13, 2 = 3*m - 4*h + 2*h. Suppose -119 = -4*v - 2*s + 105, -3*s - 56 = -v. Suppose m*p = v + 12. List the prime factors of p.
17
Let p(n) = n**2 + 4*n - 7. Let l be p(-5). Let u be (-2760)/(-42) + l/(-7). Suppose -2*c - u = -4*c. What are the prime factors of c?
3, 11
List the prime factors of 13*25*(-1 + 0 + 2).
5, 13
Let f = -50 - -80. Let x be f/8 + (-2)/(-8). Suppose x*p - 42 = -6. List the prime factors of p.
3
Let i(n) = 339*n - 62. What are the prime factors of i(4)?
2, 647
Let q(n) = n**2 - 4*n + 452. List the prime factors of q(0).
2, 113
Suppose -2*j + 4*a - 7*a = -173, -5*j = 3*a - 455. What are the prime factors of j?
2, 47
Suppose -2*y = -5*r - 7*y + 5235, 5*r = 4*y + 5199. What are the prime factors of r?
7, 149
Let h = -1641 - -3001. What are the prime factors of h?
2, 5, 17
Suppose -2*b = -605 - 1595. What are the prime factors of b?
2, 5, 11
List the prime factors of (-5658)/8*(-64)/48.
23, 41
Let s(k) = -7*k + 25. Let z(d) = -8*d + 2*d + 6*d + 5*d - 17. Let m(o) = 5*s(o) + 8*z(o). List the prime factors of m(6).
19
Let w = 839 + -839. Let g be (3 - 1)*5/2. Suppose -5*n + o + 84 = w, g*n - 3*o - 31 = 3*n. List the prime factors of n.
17
Suppose d - 527 = l, 0*d = -2*d + 3*l + 1054. What are the prime factors of d?
17, 31
Let n be ((-78)/(-65))/(3/280). Let g = 9 - 0. Suppose -g*i - n = -13*i. List the prime factors of i.
2, 7
Let z(s) = -s**3 - 9*s**2 - 9*s - 10. Let j(p) = -8*p - 1. Let g be j(1). What are the prime factors of z(g)?
71
Suppose 4*u + 15 = -u. Let a be u/(-1) - (-10 + 1). Suppose 3*j - 126 = a. What are the prime factors of j?
2, 23
Let t(n) = -n**3 + 28*n**2 - 84*n + 19. List the prime factors of t(18).
1747
Suppose 7540 = 21*d + 8*d. What are the prime factors of d?
2, 5, 13
Suppose -49 - 56 = -7*m. Suppose -m*v = -19*v + 448. What are the prime factors of v?
2, 7
Suppose -4*t - t - 5*j = -545, 2*t + 4*j = 212. What are the prime factors of t?
2, 7
Let h be 1/3 + 1/(6/(-26)). What are the prime factors of 188 - ((h - 5)/3 + 6)?
5, 37
Let f be (-5 + -15)*(-2)/8. Let o be 4/(-18) - 40/(-18). Suppose f*h + 2*c = 100, -o*h + c + 49 = -0*c. What are the prime factors of h?
2, 11
Let m(t) = t**3 + 10*t**2 - 4. Let i be m(-10). What are the prime factors of 2 + i + 85 + (0 - 3)?
2, 5
Let k(w) be the first derivative of -w**5/40 - 13*w**4/24 + 2*w**3/3 + 6. Let r(n) be the third derivative of k(n). What are the prime factors of r(-10)?
17
Let o = -52 - -29. Let i = 26 + o. Suppose i*p = -4*u + 135 - 28, -2*p = -2. List the prime factors of u.
2, 13
Let y be 484/10 - 4/10. Let o = y + 118. Suppose 15 = -3*f, 2*f + o = 2*h + 2*h. What are the prime factors of h?
3, 13
Let h = 1882 - 1847. What are the prime factors of h?
5, 7
Let a(t) = t**3 - 26*t**2 - 27*t - 3. Let l be a(27). Suppose 0*k - 3*k = -30. Let b = l + k. List the prime factors of b.
7
Let j(i) = 21*i - 2. Let z be j(7). Let h = z - 103. Suppose -g - h = -4*g. What are the prime factors of g?
2, 7
Let o(y) = -3*y - 7 + 4*y + 2*y + 5*y**2. What are the prime factors of o(5)?
7, 19
List the prime factors of (-33702)/(-10) + (-642)/535.
3, 1123
Let o(d) = -2*d + 3. Suppose 4*y + 21 = -c, y + 7 = 3*c - y. What are the prime factors of o(c)?
5
Let y(x) = -x**2 - 5*x + 4. Let a be y(-6). List the prime factors of 58/(-6)*-3 + a.
3
Let d be (-3*1)/((-11)/66). Suppose -4*v = 3*q - d, 0*q + 5 = -2*q + 3*v. What are the prime factors of q?
2
Suppose -14 = -3*u - i, -2*i + 27 - 5 = 4*u. Suppose 7*z = m + 2*z + 15, u*z - 12 = 0. Suppose -m*l + 40 = -4*l. List the prime factors of l.
2, 5
Suppose 0 = 120*w - 114*w - 2544. What are the prime factors of w?
2, 53
Let n(i) = i**3 - 12*i**2 + 10*i + 16. Let q = 23 - 12. List the prime factors of n(q).
5
Let z(q) = -q**2 - 29*q + 56. List the prime factors of z(-15).
2, 7, 19
Let a(q) = -641*q**3 + q**2 - q + 1. Let w be a(1). Let c = w + 896. List the prime factors of c.
2
Let h(x) = x**3 - 8*x**2 + 12*x + 4. Let m be h(6). Suppose m*i + 3*g = -5, 5*g - 5 = i + 2. List the prime factors of -1*26*1/i.
13
Let s(b) = 2*b - 10. Let l be s(6). Suppose 0 = -l*c - 0*o - 5*o + 243, 599 = 5*c + 4*o. Let a = c + -85. What are the prime factors of a?
2, 17
Suppose -257 = -4*c + w + 4*w, 3*c - 159 = -3*w. Suppose -2*s + 36 = -c. Suppose -4*j + 4*z = -z - s, 0 = -5*z - 15. List the prime factors of j.
2
What are the prime factors of 164/32 - (-3)/(-24) - -544?
3, 61
Suppose -2*n + 61 + 163 = 4*f, 3*n - 3*f = 309. Let t be (-10)/(-55) - n/(-22). Suppose -3*d + t*c - 67 = -6*d, -4*c = 4. What are the prime factors of d?
2, 3
Let l be (-2)/(-3) - 50/(-6). Let n = 18 - 20. Let k = l + n. List the prime factors of k.
7
Let d(v) = 39*v - 47. What are the prime factors of d(15)?
2, 269
Let q = 422 - 236. What are the prime factors of q?
2, 3, 31
What are the prime factors of (-2)/((-15940)/2655 + 6)?
3, 59
Let l = 2 + 0. Let p(k) = 0*k - 3*k + 0 + 4 - l. What are the prime factors of p(-3)?
11
Let w(j) = -10*j + 5. Let y be w(4). Let p = -22 + y. Let s = -33 - p. List the prime factors of s.
2, 3
Suppose 392*w = 384*w + 43520. What are the prime factors of w?
2, 5, 17
Let f(v) = 3*v**3 - 4*v**2 - 3*v + 3. Let o be f(3). List the prime factors of 4 + o + 4 + -3.
2, 11
Let j be (20/6 + -3)*-5*-6. Suppose -a + 0*a + 4 = 0. What are the prime factors of (-144)/(-40) + a/j?
2
Let y(d) = 29*d - 3. Let m(n) = -n**3 + 4*n**2 + 1. Let a be m(4). What are the prime factors of y(a)?
2, 13
Suppose 10*r + 9212 = 24*r. What are the prime factors of r?
2, 7, 47
Let g(l) be the second derivative of l**5/5 + l**4/4 - l**3/6 + l**2/2 + 7*l. Let s be g(2). Let p = s + -12. What are the prime factors of p?
31
Let q = 191 - -34. What are the prime factors of q?
3, 5
Let x(r) = 142*r**2 - 4*r - 4. What are the prime factors of x(-1)?
2, 71
Let r(k) = 40*k**3 + k**2 - 2*k + 1. Let z be (-50)/(-10) + (-4)/1. Let q be r(z). Let j = q + -25. What are the prime factors of j?
3, 5
Suppose -14208 = -13*a + 1444. What are the prime factors of a?
2, 7, 43
Suppose 0 = 6*w - 2*w. Suppose 0*f - f + 4 = w. Suppose -10 + 102 = f*p - 2*j, 0 = 3*p + 2*j - 69. List the prime factors of p.
23
Suppose 0 = 72*l - 275637 - 41091. What are the prime factors of l?
53, 83
Let x be 14 + -3 + -4 + 2. Let a = 47 + x. What are the prime factors of a?
2, 7
Suppose t - 14 = -t. Let y be 1/2*(3 + t). Suppose 11 = y*p - 209. List the prime factors of p.
2, 11
Suppose 1 - 3 = v. Suppose 0 = -2*s + 4, -6 + 44 = 4*q + 5*s. Let c = v + q. List the prime factors of c.
5
Suppose 0 = -3*j - m + 1816, 2*m - 3030 = -5*j + m. Suppose 5*o + h = j, -2*h = -3*o + 3*h + 381. What are the prime factors of o?
2, 61
Let t be 16/24 - (-21)/9. Suppose 6*l - l = n, -19 = -t*n - 4*l. List the prime factors of n.
5
Let p = -104 + 24. Let z = p - -215. List the prime factors of z.
3, 5
Let v = -34 + 35. Let c be (-5)/(-5)*v*5. Let u(d) = -d**3 + 6*d**2 - 7. What are the prime factors of u(c)?
2, 3
Suppose -2*z = -0*z. Suppose -w = 5*p + 10 + 3, z = 3*w + 3*p + 15. List the prime factors of 4/w*(-195)/10.
2, 13
Let s(k) = -3*k - 1. Let b be s(-3). Let o be (-2)/11 + 140/(-77). What are the prime factors of b/(o/(-7)*1)?
2, 7
Suppose 3*q - 12114 = -3*c, -4*q - 19*c = -18*c - 16158. What are the prime factors of q?
2, 5, 101
Suppose -13*x = -16*x + 909. List the prime factors of x.
3, 101
Suppose -r - 1 - 7 = 0. Let c(k) be the second derivative of -5*k**3/6 - 3*k**2/2 - 9*k. What are the prime factors of c(r)?
37
Let k = 7 - 4. Suppose -4*i = k*m - 9 - 11, -5 = -5*m - i. Suppose m = -v - 3*v + 124. List the prime factors of v.
31
Let l(u) = -u**3 - 10*u**2 - 4. Let c be l(-10). Let x be (c - (94 + 0))/(-2). Let t = -22 + x. What are the prime factors of t?
3
Let j = -1217 - -1923. List the prime factors of j.
2, 353
Suppose 0 = -5*o - 3*w + 1462, 0 = 6*o - 4*o + 2*w - 588. What are the prime factors of o?
2, 5, 29
Let u(d) = 4*d - 2. Let z be u(1). Suppose z*f + 11 - 41 = 0. Suppose -155 + f = -5*a. List the prime factors of a.
2, 7
Suppose -2*x + 15 - 7 = 0. Suppose -5*g + c = -13, -g - x*c = -c - 9. Suppose 